d by 747.
650
What is the remainder when 915882 is divided by 107?
69
Calculate the remainder when 188735 is divided by 47173.
43
What is the remainder when 3043675 is divided by 136?
131
What is the remainder when 268107 is divided by 5604?
4719
What is the remainder when 9329742 is divided by 218?
214
Calculate the remainder when 28019656 is divided by 7004912.
8
What is the remainder when 8652691 is divided by 19755?
1
What is the remainder when 8486720 is divided by 27?
26
Calculate the remainder when 2608512 is divided by 153441.
15
Calculate the remainder when 496255 is divided by 8550.
355
What is the remainder when 18991955 is divided by 83298?
11
What is the remainder when 71084758 is divided by 4321?
4308
What is the remainder when 2976059 is divided by 1307?
20
Calculate the remainder when 469133 is divided by 19.
4
Calculate the remainder when 17210149 is divided by 96.
37
What is the remainder when 41529641 is divided by 2595599?
57
What is the remainder when 18364383 is divided by 1055?
1053
Calculate the remainder when 1828520 is divided by 36566.
220
Calculate the remainder when 3635532 is divided by 304.
300
Calculate the remainder when 37604541 is divided by 905.
886
Calculate the remainder when 573434 is divided by 43.
29
What is the remainder when 836111 is divided by 1931?
1919
Calculate the remainder when 63188759 is divided by 5994.
11
What is the remainder when 3405840 is divided by 20637?
735
Calculate the remainder when 424974 is divided by 242.
22
Calculate the remainder when 20702101 is divided by 1068.
1057
What is the remainder when 387536 is divided by 90?
86
What is the remainder when 3475394 is divided by 112029?
2495
Calculate the remainder when 12805656 is divided by 711425.
6
Calculate the remainder when 137637167 is divided by 4170823.
8
What is the remainder when 8174035 is divided by 27522?
1
What is the remainder when 14143 is divided by 1872?
1039
What is the remainder when 148039 is divided by 14803?
9
Calculate the remainder when 209451 is divided by 4041.
3360
Calculate the remainder when 16218166 is divided by 8109066.
34
What is the remainder when 39118 is divided by 399?
16
What is the remainder when 5065442 is divided by 53320?
42
Calculate the remainder when 2951599 is divided by 1565.
9
What is the remainder when 12551271 is divided by 217?
208
What is the remainder when 465710 is divided by 45?
5
What is the remainder when 402856553 is divided by 1019?
1017
Calculate the remainder when 1168794 is divided by 32465.
54
What is the remainder when 1575634 is divided by 22835?
19
What is the remainder when 53672 is divided by 639?
635
Calculate the remainder when 15067 is divided by 1463.
437
What is the remainder when 1520676 is divided by 300?
276
Calculate the remainder when 1202515439 is divided by 6440.
6439
What is the remainder when 7658559 is divided by 160?
159
What is the remainder when 304622475 is divided by 342?
339
What is the remainder when 8887660 is divided by 7564?
7524
Calculate the remainder when 2493407 is divided by 498678.
17
What is the remainder when 2504521 is divided by 27826?
181
What is the remainder when 377015 is divided by 74126?
6385
Calculate the remainder when 23988447 is divided by 6047.
6045
What is the remainder when 177824 is divided by 94?
70
Calculate the remainder when 1355289 is divided by 12.
9
What is the remainder when 31781947 is divided by 1039?
1015
What is the remainder when 1708995 is divided by 427240?
35
What is the remainder when 80393 is divided by 1695?
728
Calculate the remainder when 139140675 is divided by 2716.
2711
Calculate the remainder when 10218369 is divided by 606.
603
Calculate the remainder when 1157050539 is divided by 20.
19
What is the remainder when 3551115 is divided by 3881?
0
Calculate the remainder when 706392 is divided by 107.
85
What is the remainder when 13242120 is divided by 662106?
0
What is the remainder when 2859839 is divided by 2250?
89
Calculate the remainder when 963629 is divided by 572.
381
What is the remainder when 808973 is divided by 30?
23
What is the remainder when 785111 is divided by 25?
11
Calculate the remainder when 4765373 is divided by 154.
151
What is the remainder when 2223524 is divided by 9501?
290
Calculate the remainder when 581708286 is divided by 3214.
3212
What is the remainder when 275467 is divided by 1860?
187
What is the remainder when 173001 is divided by 28?
17
Calculate the remainder when 3644281 is divided by 2522.
2513
What is the remainder when 23121 is divided by 1274?
189
Calculate the remainder when 156083 is divided by 270.
23
What is the remainder when 3038986 is divided by 202595?
61
Calculate the remainder when 6936373 is divided by 867043.
29
Calculate the remainder when 17033877 is divided by 1446.
1443
What is the remainder when 26386071 is divided by 1377?
1374
What is the remainder when 721811 is divided by 1851?
1772
Calculate the remainder when 12363869 is divided by 797.
8
Calculate the remainder when 12261212 is divided by 433.
384
Calculate the remainder when 897424 is divided by 487.
370
What is the remainder when 30132 is divided by 265?
187
Calculate the remainder when 1260323 is divided by 19692.
35
What is the remainder when 28158073 is divided by 279?
277
What is the remainder when 1119819 is divided by 1379?
71
What is the remainder when 61147 is divided by 10151?
241
What is the remainder when 262690 is divided by 43780?
10
Calculate the remainder when 178989658 is divided by 1977.
1963
What is the remainder when 157876977 is divided by 158352?
33
What is the remainder when 17468660 is divided by 56?
20
Calculate the remainder when 36586372 is divided by 116517.
34
What is the remainder when 177762 is divided by 2310?
2202
What is the remainder when 2242194 is divided by 93?
57
What is the remainder when 40514192 is divided by 14?
12
What is the remainder when 291078863 is divided by 97026273?
44
Calculate the remainder when 256871 is divided by 28483.
524
What is the remainder when 15500949 is divided by 49?
44
What is the remainder when 243060 is divided by 79832?
3564
Calculate the remainder when 2255760 is divided by 65.
0
What is the remainder when 857542 is divided by 738?
724
Calculate the remainder when 21180237 is divided by 60.
57
Calculate the remainder when 9856057 is divided by 701.
698
Calculate the remainder when 5435089 is divided by 2717538.
13
What is the remainder when 2447491 is divided by 6102?
589
What is the remainder when 545146691 is divided by 6051?
6050
What is the remainder when 55504107 is divided by 1793?
1792
What is the remainder when 142799 is divided by 131?
9
What is the remainder when 10631567 is divided by 536?
7
What is the remainder when 37300 is divided by 2720?
1940
Calculate the remainder when 1463601 is divided by 3062.
3027
What is the remainder when 8430189 is divided by 87?
63
What is the remainder when 29241783 is divided by 52?
51
What is the remainder when 67964 is divided by 3379?
384
Calculate the remainder when 151970074 is divided by 66.
58
Calculate the remainder when 8295514 is divided by 22979.
95
What is the remainder when 903109 is divided by 57?
1
What is the remainder when 820201 is divided by 75?
1
Calculate the remainder when 7985475 is divided by 57.
3
Calculate the remainder when 1373402 is divided by 9879.
221
Calculate the remainder when 577219 is divided by 184.
11
What is the remainder when 5214407 is divided by 3145?
3142
Calculate the remainder when 397651583 is divided by 103.
101
Calculate the remainder when 829663 is divided by 290.
263
What is the remainder when 1072075 is divided by 56425?
0
What is the remainder when 1723065 is divided by 3898?
149
What is the remainder when 1979009 is divided by 494748?
17
What is the remainder when 359299 is divided by 9209?
148
What is the remainder when 3222501 is divided by 2263?
2252
Calculate the remainder when 1199664 is divided by 289.
25
Calculate the remainder when 40609296 is divided by 1034.
1014
What is the remainder when 97071103 is divided by 143?
129
Calculate the remainder when 12171 is divided by 5564.
1043
What is the remainder when 24695038 is divided by 1611?
19
Calculate the remainder when 658338 is divided by 38.
26